 of 35780?
2, 5, 1789
List the prime factors of 3020.
2, 5, 151
What are the prime factors of 6060?
2, 3, 5, 101
What are the prime factors of 1900?
2, 5, 19
What are the prime factors of 36764?
2, 7, 13, 101
What are the prime factors of 1284?
2, 3, 107
List the prime factors of 170690.
2, 5, 13, 101
What are the prime factors of 15206?
2, 7603
List the prime factors of 70674.
2, 3, 11779
What are the prime factors of 1737?
3, 193
What are the prime factors of 1682?
2, 29
List the prime factors of 3540.
2, 3, 5, 59
List the prime factors of 2234.
2, 1117
What are the prime factors of 11674?
2, 13, 449
List the prime factors of 18945.
3, 5, 421
What are the prime factors of 63289?
19, 3331
What are the prime factors of 2567?
17, 151
What are the prime factors of 45967?
43, 1069
List the prime factors of 1899.
3, 211
What are the prime factors of 64244?
2, 16061
What are the prime factors of 680?
2, 5, 17
What are the prime factors of 5320?
2, 5, 7, 19
What are the prime factors of 24364?
2, 6091
List the prime factors of 11.
11
What are the prime factors of 637?
7, 13
List the prime factors of 165.
3, 5, 11
List the prime factors of 65795.
5, 13159
List the prime factors of 2718.
2, 3, 151
List the prime factors of 39825.
3, 5, 59
List the prime factors of 747.
3, 83
What are the prime factors of 3641?
11, 331
List the prime factors of 6285.
3, 5, 419
List the prime factors of 17604.
2, 3, 163
What are the prime factors of 23861?
107, 223
List the prime factors of 24051.
3, 8017
What are the prime factors of 5940?
2, 3, 5, 11
List the prime factors of 51783.
3, 41, 421
What are the prime factors of 2032?
2, 127
List the prime factors of 486.
2, 3
List the prime factors of 8512.
2, 7, 19
List the prime factors of 1994.
2, 997
List the prime factors of 2005.
5, 401
What are the prime factors of 63366?
2, 3, 59, 179
List the prime factors of 56310.
2, 3, 5, 1877
List the prime factors of 460.
2, 5, 23
List the prime factors of 12412.
2, 29, 107
What are the prime factors of 1012?
2, 11, 23
List the prime factors of 7861.
7, 1123
List the prime factors of 25.
5
List the prime factors of 8739.
3, 971
List the prime factors of 29989.
29989
What are the prime factors of 71060?
2, 5, 11, 17, 19
List the prime factors of 545.
5, 109
List the prime factors of 31115.
5, 7, 127
What are the prime factors of 517?
11, 47
List the prime factors of 112.
2, 7
List the prime factors of 3462.
2, 3, 577
What are the prime factors of 5431?
5431
What are the prime factors of 44316?
2, 3, 1231
What are the prime factors of 6501?
3, 11, 197
List the prime factors of 2593.
2593
List the prime factors of 1676.
2, 419
List the prime factors of 42927.
3, 41, 349
What are the prime factors of 2444?
2, 13, 47
List the prime factors of 414.
2, 3, 23
What are the prime factors of 13784?
2, 1723
What are the prime factors of 2883?
3, 31
What are the prime factors of 53639?
53639
What are the prime factors of 4399?
53, 83
What are the prime factors of 20043?
3, 17, 131
List the prime factors of 11400.
2, 3, 5, 19
What are the prime factors of 670?
2, 5, 67
What are the prime factors of 1276?
2, 11, 29
List the prime factors of 47312.
2, 2957
List the prime factors of 519.
3, 173
List the prime factors of 127095.
3, 5, 37, 229
What are the prime factors of 365?
5, 73
List the prime factors of 1674.
2, 3, 31
List the prime factors of 13119.
3, 4373
What are the prime factors of 469?
7, 67
What are the prime factors of 652?
2, 163
List the prime factors of 21447.
3, 2383
What are the prime factors of 233?
233
List the prime factors of 67029.
3, 22343
What are the prime factors of 28785?
3, 5, 19, 101
What are the prime factors of 893?
19, 47
What are the prime factors of 22119?
3, 73, 101
What are the prime factors of 19027?
53, 359
List the prime factors of 71621.
11, 17, 383
What are the prime factors of 7231?
7, 1033
What are the prime factors of 2684?
2, 11, 61
What are the prime factors of 5284?
2, 1321
List the prime factors of 722.
2, 19
What are the prime factors of 7157?
17, 421
What are the prime factors of 57446?
2, 28723
List the prime factors of 38644.
2, 9661
What are the prime factors of 18834?
2, 3, 43, 73
List the prime factors of 32226.
2, 3, 41, 131
List the prime factors of 87.
3, 29
What are the prime factors of 5633?
43, 131
List the prime factors of 21736.
2, 11, 13, 19
List the prime factors of 23305.
5, 59, 79
What are the prime factors of 1285?
5, 257
What are the prime factors of 1126?
2, 563
What are the prime factors of 38643?
3, 11, 1171
What are the prime factors of 1572?
2, 3, 131
What are the prime factors of 9385?
5, 1877
List the prime factors of 5925.
3, 5, 79
What are the prime factors of 21017?
21017
List the prime factors of 32431.
7, 41, 113
List the prime factors of 3261.
3, 1087
List the prime factors of 623.
7, 89
List the prime factors of 32932.
2, 8233
What are the prime factors of 2889?
3, 107
What are the prime factors of 57304?
2, 13, 19, 29
What are the prime factors of 1044?
2, 3, 29
What are the prime factors of 17451?
3, 7, 277
List the prime factors of 147764.
2, 17, 41, 53
What are the prime factors of 45532?
2, 11383
List the prime factors of 676.
2, 13
List the prime factors of 18785.
5, 13, 17
List the prime factors of 93122.
2, 101, 461
What are the prime factors of 1056?
2, 3, 11
List the prime factors of 90845.
5, 18169
What are the prime factors of 22496?
2, 19, 37
What are the prime factors of 1154?
2, 577
List the prime factors of 3102.
2, 3, 11, 47
What are the prime factors of 108674?
2, 67, 811
List the prime factors of 29337.
3, 7, 11, 127
List the prime factors of 95919.
3, 31973
What are the prime factors of 5537?
7, 113
List the prime factors of 4918.
2, 2459
What are the prime factors of 3443?
11, 313
What are the prime factors of 9623?
9623
What are the prime factors of 65848?
2, 8231
What are the prime factors of 9604?
2, 7
What are the prime factors of 101?
101
What are the prime factors of 230?
2, 5, 23
What are the prime factors of 17117?
17117
What are the prime factors of 42286?
2, 21143
What are the prime factors of 1481?
1481
What are the prime factors of 43101?
3, 4789
List the prime factors of 62.
2, 31
List the prime factors of 11752.
2, 13, 113
List the prime factors of 85333.
85333
List the prime factors of 1513.
17, 89
What are the prime factors of 56540?
2, 5, 11, 257
List the prime factors of 4844.
2, 7, 173
List the prime factors of 1351.
7, 193
What are the prime factors of 1345?
5, 269
List the prime factors of 91.
7, 13
List the prime factors of 19389.
3, 23, 281
What are the prime factors of 46578?
2, 3, 7, 1109
What are the prime factors of 2098?
2, 1049
What are the prime factors of 5148?
2, 3, 11, 13
List the prime factors of 62634.
2, 3, 11, 13, 73
List the prime factors of 566.
2, 283
List the prime factors of 105615.
3, 5, 2347
What are the prime factors of 13395?
3, 5, 19, 47
List the prime factors of 1561.
7, 223
List the prime factors of 1054.
2, 17, 31
List the prime factors of 25762.
2, 11, 1171
List the prime factors of 24017.
7, 47, 73
List the prime factors of 2412.
2, 3, 67
List the prime factors of 771.
3, 257
List the prime factors of 4774.
2, 7, 11, 31
What are the prime factors of 41?
41
What are the prime factors of 3566?
2, 1783
List the prime factors of 12144.
2, 3, 11, 23
What are the prime factors of 199?
199
What are the prime factors of 2338?
2, 7, 167
List the prime factors of 6165.
3, 5, 137
What are the prime factors of 1338?
2, 3, 223
What are the prime factors of 1355?
5, 271
List the prime factors of 6089.
6089
What are the prime factors of 1296?
2, 3
List the prime factors of 29386.
2, 7, 2099
List the prime factors of 1127.
7, 23
What are the prime factors of 4231?
4231
List the prime factors of 757.
757
List the prime factors of 8964.
2, 3, 83
List the prime factors of 9532.
2, 2383
List the prime factors of 7844.
2, 37, 53
What are the prime factors of 31205?
5, 79
List the prime factors of 64982.
2, 32491
List the prime factors of 1409.
1409
What are the prime factors of 62428?
2, 15607
List the prime factors of 451.
11, 41
What are the prime factors of 4357?
4357
List the prime factors of 11148.
2, 3, 929
List the prime factors of 60725.
5, 7, 34